2. Suppose -5 = k - 3*p, -8*k - b*p = -4*k + 20. Let j(m) = 7*m + 20. Let a(i) = 10*i + 29. Let g(w) = 5*a(w) - 7*j(w). What is g(k)?
0
Let b(d) = d + 20. Suppose -16*a - 3*z = -17*a - 33, 0 = -4*a + 4*z - 92. What is b(a)?
2
Suppose -3*i - 3*k = -i - 15, 3*i - k = 28. Let b(d) = -d**3 + 10*d**2 - 7*d - 12. Determine b(i).
6
Suppose 0 = -59*q + 60*q - 3. Let i(t) = t + 1. Let y(c) = -c. Let n(h) = i(h) - 3*y(h). What is n(q)?
13
Let p(l) = -l**2 + 5*l - 6. Let i be (-13)/(-52) - (-45)/12. Calculate p(i).
-2
Let a(z) = -z**2 + 7*z - 7. Let u be a(7). Let s = u + 11. Let b(j) be the second derivative of -j**4/12 + 5*j**3/6 + 3*j**2/2 - 8*j. Give b(s).
7
Let x(a) = -2*a + 6. Suppose 13*l = 18*l - 40. Determine x(l).
-10
Let n(z) = -5*z. Let k be n(-1). Let g(l) = -l**3 + 6*l**2 - 10*l - 9. Let b(a) = a**3 - 6*a**2 + 12*a + 10. Let s(m) = 4*b(m) + 5*g(m). Determine s(k).
10
Let a(c) = -11*c**2 - 14*c + 2. Let k(d) = -26*d**2 - 28*d + 2. Let y(t) = 7*a(t) - 3*k(t). Calculate y(10).
-32
Let g(f) = -f**2 - 4*f + 1. Let o be g(-2). Let z(v) = 3*v**2 - 6*v - 1. Let w(t) = t**2 - t + 1. Let c(m) = 2*w(m) - z(m). What is c(o)?
-2
Let g = 650 - 637. Let z(a) = -a**3 + 13*a**2 + a - 4. Calculate z(g).
9
Let z be -7 + 12*(-20)/(-32). Let t(d) be the second derivative of -8*d + 1/3*d**3 + 0 - z*d**4 - 1/2*d**2. Give t(1).
-5
Let q = 163 + -89. Let l(t) = -t**2 - 71*t**3 - 1 + q*t**3 + t**2. Determine l(2).
23
Let n(s) = 5*s**3 + 6*s**2 + 3*s + 4. Let i(o) = -3*o**3 - 3*o**2 - o - 2. Let j(k) = -7*i(k) - 4*n(k). Let h = 380 + -376. Give j(h).
-6
Let g(n) = -2*n**2 - 235*n - 570. Let r be g(-115). Let y(z) be the second derivative of -z**3/6 + 3*z**2/2 - z. What is y(r)?
-2
Suppose -5*m - b + 11 = -0*b, 0 = -3*m - 5*b - 11. Let u(p) = m*p**3 - 3*p**3 - 6*p**2 + 8 + p**3. What is u(6)?
8
Suppose 3*c + 3*p - 24 = 0, 5*c + 2*p - 31 = -3. Suppose q - 6 + c = 0. Let s be -2 - (3/(-3) + q). Let v(y) = -y**2 - 4*y - 3. What is v(s)?
0
Let m(b) be the second derivative of -b**3/6 - 3*b**2/2 - 5*b. Let q be (-2)/18 - (-35)/(-9). Calculate m(q).
1
Suppose 4*u - r - 2 = 0, 5*u - 6*u + r + 2 = 0. Let z(a) be the third derivative of a**5/60 - a**4/24 + 4*a**3 - 2*a**2 + 14. Determine z(u).
24
Let w(q) = -q**2 - 10*q - 10. Let i(k) = -k**2 - 10*k - 10. Let o(y) = 4*i(y) - 3*w(y). Give o(-10).
-10
Let p(n) be the third derivative of n**5/60 + 11*n**4/12 + 10*n**3/3 - 3*n**2 - 10*n. What is p(-21)?
-1
Let q be 2*((-9)/(-12))/3*4. Let t(x) = 3*x - 7*x + 0*x - q + x. Let z(o) = o + 5. Let c be z(-10). Determine t(c).
13
Let p(q) = -53*q + 105. Let k be p(2). Let g(z) = -15*z - 4. Determine g(k).
11
Let q(x) = -x + 3. Let f be (-72)/(-30) - (-6)/10. Suppose 9 = 3*o - f. Suppose -4*s - o + 16 = 0. Determine q(s).
0
Let u(q) be the second derivative of -q**5/20 - q**4/12 - q**3/3 - 37*q. What is u(-2)?
8
Let k(a) = 2 + 0 + 2 + 12*a - 11*a. Let r(y) = -2*y - 8. Let t(f) = -5*k(f) - 2*r(f). Give t(0).
-4
Let x(h) = 154*h**2 + 2*h - 1. Let y be x(1). Suppose 0 = -2*d - 5*p + 166, 3*d + p - y = 120. Let l(z) = -93 + d + z. Give l(0).
0
Let w(k) = 7*k**2 - 2*k - 2. Let r be w(-1). Let v(s) = -r*s - s - 11*s + 18*s. What is v(5)?
-5
Suppose -4*x = -3*n - 31, 0 = -2*x - 0*n - 4*n - 12. Let v(t) = 2*t + 4*t**2 + t**2 + 3*t - 6*t**2 - 5. Calculate v(x).
-1
Let s(b) be the second derivative of 3/2*b**2 + 0 - 8*b - 1/2*b**3. Determine s(-4).
15
Let o be (6 - (7 - -4))*14/(-35). Let m(x) be the first derivative of 5 + 1/2*x**o + 0*x. Give m(-6).
-6
Suppose 32 = -4*i + 24. Suppose -5*t + 23 = a + 2*a, -5*t = -2*a - 43. Let p(v) = v**2 - v - t + 2*v + 6. Determine p(i).
1
Let x(l) = -l**2 - 3*l. Let n(z) = 2*z**2 + 8*z. Let a(t) = -n(t) - 3*x(t). What is a(-8)?
56
Suppose -6*r + 5*z - 52 = -10*r, 12 = 3*z. Let o(s) = s - 3. What is o(r)?
5
Let w(f) = f + 8. Let t = -44 - -48. Suppose 4*b = 9*b - 4*j + 25, 20 = -t*b - 3*j. Calculate w(b).
3
Let t(k) = -k**2 + 3. Let v(a) = -a**2 - 3*a - 5. Let u be v(-2). Determine t(u).
-6
Let z(s) = -6 - 14*s - 3 - 16*s**2 - 3 - 4*s**2. Let m(o) = -7*o**2 - 5*o - 4. Let a(w) = 17*m(w) - 6*z(w). What is a(3)?
10
Let c(s) be the second derivative of 0 + 4/3*s**3 + 10*s + 1/2*s**2. Determine c(-1).
-7
Let s(g) be the first derivative of g**4/4 - 4*g**3/3 + 5*g**2/2 - 5*g - 108. Give s(4).
15
Let n(i) be the second derivative of 4*i**5/5 - i**4/6 + i**2/2 - 582*i. Determine n(1).
15
Let q(o) = -3*o + 13. Let u(k) = -2*k + 7. Let y(s) = 6*q(s) - 10*u(s). Let j be (1 + 0)/(27/(-162)). Determine y(j).
-4
Let a(g) = g**2 - g - 7. Suppose -4*r - 2*p - 15 = -3*p, -r - p = 10. Give a(r).
23
Suppose 15*p + 8 = 11*p. Let b be (-1 - 0)*(p - (4 - 5)). Let s(a) = -a**2 + a. Give s(b).
0
Let q(f) be the second derivative of f**3/3 + 9*f**2/2 + 14*f. Calculate q(6).
21
Let z(t) = t**3 - 5*t**2 - 8*t + 8. Suppose -2*r - 10 + 6 = 0. Let q be (-36)/r + (-2)/1. Let b = 22 - q. Give z(b).
-4
Let v(k) = -k - 7. Let s(c) = 5 + 3 - 8 + c + 7. Let z(g) = 3*s(g) + 2*v(g). Give z(0).
7
Let b(a) be the third derivative of 0 + 5*a**2 + 0*a - 1/8*a**4 - 1/60*a**5 + 7/6*a**3. Suppose 3*d + 2*d = -25. Give b(d).
-3
Let b(w) = w**3 + 10*w**2 + 10*w + 12. Let u(j) = 3*j**2 - 12*j + 14. Let k be u(6). Let h be -18*(-5)/k*-5. What is b(h)?
3
Let o(q) be the first derivative of 6*q - 1/3*q**3 + 1/2*q**2 - 11. Calculate o(0).
6
Let w(s) = 4*s**3 - 2*s**2 - 2*s + 3. Suppose -o - 2*v = 9, 4*o - 2*v = -5*v - 11. Calculate w(o).
3
Let z(f) = -4 - 11*f**2 - 7*f**2 + 8*f + 16*f**2. Calculate z(5).
-14
Let q(a) = -a**2 + 9*a + 18. Let z be q(9). Let r = z + -26. Let w(b) = b**3 + 9*b**2 + 8*b + 2. Determine w(r).
2
Let n(w) = 25 - 17 + w**2 - 10*w - 18. Give n(8).
-26
Let g(h) be the second derivative of -h**5/20 - 7*h**4/12 - 3*h**3/2 - 9*h**2/2 - 595*h. Determine g(-7).
54
Suppose -3*q - 6 = -3*k, -2*k - 2 = 3*q - 4*k. Let a(d) = d**3 - 5*d**2 + 6*d - 6. Let y be a(4). Let b(w) = -1 + 0*w + w - y*w. What is b(q)?
-3
Let k(c) = 2*c**2 - 2*c - 1. Let h(r) = -2*r**2 + 2*r. Let w(u) = u**2. Let t be w(2). Let p(z) = t*h(z) + 3*k(z). Let q = -5 + 7. Give p(q).
-7
Let u(n) = -2*n**2 - 104*n + 219. Let l be u(-54). Let y(p) be the second derivative of 0 + 4/3*p**3 + 12*p + 1/20*p**5 + l*p**2 + 2/3*p**4. Calculate y(-7).
-1
Let g(p) = -7 + 26 - 7 - 11 - 10*p. Suppose -4 = d - 5*d. Calculate g(d).
-9
Suppose -9*d = 495 + 171. Let z = -76 - d. Let j(n) = 3*n**3 + 4*n**2 + 2*n. What is j(z)?
-12
Let o(s) = -s**3 - 6*s**2 - 2*s - 1. Suppose 4*j - 320 = r, -5*r - 1907 = j - 223. Let x be (-4)/10 - r/(-60). What is o(x)?
11
Let f(w) = -2*w + 1. Let j(x) = -2. Let u(p) = f(p) - 2*j(p). What is u(3)?
-1
Let g be (-8)/(-3) - 16/24 - -2. Suppose -g = t - 5*t. Let i(p) be the second derivative of -7*p**5/20 - p**3/3 + p**2/2 - p. Calculate i(t).
-8
Let x(s) be the first derivative of s**2/2 + 2*s + 190. What is x(-7)?
-5
Let h(m) = -m**3 + 11*m**2 + m + 11. Let v be (8/(-6))/(21/63). Let w(a) = a**3 - 10*a**2 - 10. Let d(q) = v*h(q) - 5*w(q). Determine d(5).
11
Let s(h) = 10*h**2 - 6*h + 4. Let a(v) = 7*v**2 - 4*v + 3. Let i = -27 + 30. Suppose -o = 1, 0*t - 19 = i*t - 2*o. Let m(l) = t*a(l) + 5*s(l). Calculate m(4).
7
Let x(v) = 2*v - 12. Let m = 24 - 19. Let l(s) = 3*s - 18. Let a(b) = m*l(b) - 7*x(b). Determine a(5).
-1
Let r(m) = -m**3 - 5*m**2 + 2*m + 4. Let o be -2 + 1/(-4)*-4. Let l be (o/(-2)*-3)/((-69)/(-184)). What is r(l)?
-20
Let v(z) be the first derivative of -z**3/3 - 3*z**2/2 + 9*z - 1. Suppose 219*h = 216*h - 15. What is v(h)?
-1
Suppose -7*g = -2*g - 20. Let i = 7 - g. Let f(t) = 32*t + 31*t + 38*t - 102*t. Give f(i).
-3
Let i be (3 + -11 + 2)*(-5)/10. Let c(h) be the second derivative of h**4/12 - 5*h**3/6 + 2*h**2 - 21*h. Give c(i).
-2
Let u(f) = f**3 - 13*f**2 - 14*f + 1. Suppose 8*w - 7*w - 14 = 0. Suppose w = z - 0. Let o be u(z). Let k(m) = m**3 - m**2. What is k(o)?
0
Suppose 6*x + 2*x - 32 = 0. Let j(l) = 10*l**2 - x - 4*l**2 - 8*l**2 - l**2 + l**3 + 2*l. Determine j(3).
2
Let u(z) = z**2 + z - 1. Let j(m) = 4*m**2 - 7*m - 9. Let r(a) = -j(a) + 3*u(a). Give r(10).
6
Let b(t) = -6*t**3 - 5*t**2 - 3*t + 3. Let i(v) = 7*v**3 + 5*v**2 + 3*v - 3. Let y(l) = 6*b(l) + 5*i(l). Calculate y(-4).
-1
Let p be 0*4/(-8)*-1. Suppose -2*u + 3*t + 18 = p, -4*u + 0 = 2*t - 4. Let d(m) = -m - m**2 - 4*m + u*m +